r of 302973?
True
Is 40 a factor of 1354680?
True
Is 8 a factor of 36181?
False
Is 347279 a multiple of 37?
False
Is 9 a factor of 4551626?
False
Is 793100 a multiple of 20?
True
Is 74139 a multiple of 39?
True
Is 1166 a factor of 473396?
True
Is 2086038 a multiple of 25?
False
Does 23 divide 2063652?
True
Is 28 a factor of 2916942?
False
Is 485 a factor of 8150910?
True
Is 27 a factor of 103266?
False
Is 3308 a multiple of 6?
False
Is 23 a factor of 901278?
True
Is 24786162 a multiple of 81?
True
Is 6 a factor of 136162?
False
Is 476718 a multiple of 15?
False
Does 433 divide 681542?
True
Does 26 divide 12344163?
False
Is 122655 a multiple of 51?
True
Is 8043887 a multiple of 14?
False
Is 4 a factor of 90247?
False
Is 35404 a multiple of 167?
True
Is 3226130 a multiple of 77?
False
Is 10081148 a multiple of 284?
True
Is 40905 a multiple of 541?
False
Is 39 a factor of 96939?
False
Is 260558 a multiple of 31?
False
Does 20 divide 141740?
True
Is 325 a factor of 560752?
False
Is 42 a factor of 230286?
True
Is 5071500 a multiple of 252?
True
Is 50 a factor of 2540?
False
Does 7 divide 93945?
False
Is 5144007 a multiple of 292?
False
Does 7 divide 34489?
True
Does 46 divide 5067866?
True
Is 61 a factor of 5979329?
False
Is 5647140 a multiple of 137?
True
Is 205413 a multiple of 229?
True
Is 10803 a multiple of 2?
False
Does 33 divide 1347710?
False
Does 377 divide 75777?
True
Does 504 divide 473002?
False
Is 53 a factor of 2204476?
False
Is 5 a factor of 1483620?
True
Is 128 a factor of 6356130?
False
Is 318122 a multiple of 31?
True
Is 1231 a factor of 8463125?
True
Does 1334 divide 277472?
True
Is 693 a factor of 17480626?
False
Is 10 a factor of 2642010?
True
Does 101 divide 277245?
True
Does 617 divide 766314?
True
Does 17 divide 817785?
True
Does 74 divide 1842600?
True
Is 30 a factor of 3779722?
False
Does 36 divide 95328?
True
Is 1558 a factor of 5337380?
False
Is 24363 a multiple of 9?
True
Is 19 a factor of 373539?
False
Is 7605970 a multiple of 17?
True
Does 54 divide 81269?
False
Does 11 divide 64317?
True
Is 2023056 a multiple of 378?
True
Is 77 a factor of 2190077?
False
Does 551 divide 24167?
False
Does 62 divide 20128?
False
Is 4449060 a multiple of 84?
True
Is 69058 a multiple of 137?
False
Does 19 divide 844569?
True
Is 768 a factor of 16574208?
True
Is 181224 a multiple of 8?
True
Is 20 a factor of 370000?
True
Does 105 divide 721560?
True
Does 82 divide 119310?
True
Is 129 a factor of 1155324?
True
Is 377760 a multiple of 30?
True
Does 894 divide 4374304?
False
Does 7 divide 6700407?
True
Is 1630950 a multiple of 498?
True
Is 2411010 a multiple of 30?
True
Does 271 divide 112194?
True
Is 323578 a multiple of 7?
False
Does 810 divide 1238820?
False
Is 1257214 a multiple of 12?
False
Does 998 divide 1743506?
True
Is 11 a factor of 15158385?
True
Is 136 a factor of 16127919?
False
Is 89764 a multiple of 146?
False
Does 27 divide 244080?
True
Is 208884 a multiple of 13?
True
Is 1216073 a multiple of 28?
False
Is 233 a factor of 777880?
False
Does 18 divide 2238894?
True
Is 28171 a multiple of 11?
True
Does 3 divide 989705?
False
Is 172 a factor of 3950264?
False
Is 244 a factor of 4036736?
True
Does 78 divide 1339386?
False
Is 2567604 a multiple of 93?
False
Is 4 a factor of 278232?
True
Is 60469 a multiple of 97?
False
Is 17 a factor of 1188946?
True
Is 11739 a multiple of 43?
True
Does 9 divide 512541?
True
Is 46524 a multiple of 12?
True
Is 35764 a multiple of 406?
False
Is 860 a factor of 2471669?
False
Does 1096 divide 2806856?
True
Is 6443128 a multiple of 23?
True
Is 1037 a factor of 9856685?
True
Is 1048563 a multiple of 106?
False
Does 95 divide 78176?
False
Does 67 divide 8306?
False
Is 88115 a multiple of 49?
False
Does 203 divide 991057?
False
Does 103 divide 17954?
False
Is 1467704 a multiple of 10?
False
Is 2296708 a multiple of 194?
False
Is 95830 a multiple of 18?
False
Is 69 a factor of 5892815?
False
Is 59 a factor of 1314178?
False
Is 10 a factor of 2427820?
True
Does 25 divide 2427959?
False
Is 993941 a multiple of 13?
True
Is 59 a factor of 372244?
False
Is 88861 a multiple of 41?
False
Does 10 divide 131560?
True
Is 428412 a multiple of 344?
False
Does 6 divide 643986?
True
Is 191723 a multiple of 7?
True
Is 288675 a multiple of 75?
True
Is 761 a factor of 2507024?
False
Is 9199183 a multiple of 25?
False
Does 11 divide 897866?
False
Does 3 divide 83880?
True
Is 109 a factor of 2814271?
True
Is 61 a factor of 2168753?
False
Is 62 a factor of 10510240?
True
Does 83 divide 89631?
False
Is 10 a factor of 2386280?
True
Does 11 divide 1097657?
True
Is 248232 a multiple of 27?
False
Is 22 a factor of 3747357?
False
Is 38 a factor of 438221?
False
Is 841770 a multiple of 10?
True
Is 279 a factor of 2457990?
True
Does 7 divide 156876?
False
Does 381 divide 1617088?
False
Is 156484 a multiple of 58?
True
Does 10 divide 561750?
True
Is 1099035 a multiple of 8?
False
Does 17 divide 4042689?
False
Does 1583 divide 908642?
True
Is 22 a factor of 5788090?
True
Is 14 a factor of 2910?
False
Does 3 divide 42960?
True
Is 85 a factor of 231274?
False
Is 9 a factor of 74704?
False
Is 1361364 a multiple of 492?
True
Is 181570 a multiple of 38?
False
Does 24 divide 6918029?
False
Does 1381 divide 12728677?
True
Does 61 divide 358009?
True
Is 256779 a multiple of 927?
True
Is 2546510 a multiple of 15?
False
Is 23582391 a multiple of 21?
True
Does 9 divide 1049382?
True
Does 8 divide 855048?
True
Does 10 divide 390?
True
Is 18 a factor of 2601702?
True
Does 3 divide 120941?
False
Does 57 divide 936977?
False
Does 310 divide 17670?
True
Is 846821 a multiple of 3?
False
Does 104 divide 3048136?
True
Does 197 divide 14795094?
True
Is 1217034 a multiple of 39?
True
Is 16 a factor of 1407664?
True
Does 65 divide 7916740?
True
Is 13 a factor of 1314316?
False
Is 70 a factor of 28140?
True
Is 8413117 a multiple of 13?
False
Does 212 divide 737336?
True
Does 12 divide 1352232?
True
Is 982 a factor of 80352?
False
Is 62 a factor of 123330?
False
Is 4864433 a multiple of 43?
False
Is 437778 a multiple of 603?
True
Does 22 divide 844690?
True
Is 358764 a multiple of 28?
True
Is 7 a factor of 1738369?
False
Is 52 a factor of 403435?
False
Is 13743130 a multiple of 293?
False
Is 1169396 a multiple of 4?
True
Is 131 a factor of 1922556?
True
Does 4 divide 836344?
True
Is 3589725 a multiple of 15?
True
Does 15 divide 1663648?
False
Is 556 a factor of 918473?
False
Is 271 a factor of 183516?
False
Is 1254810 a multiple of 6?
True
Is 783126 a multiple of 278?
True
Is 1615434 a multiple of 204?
False
Is 528699 a multiple of 198?
False
Is 17706152 a multiple of 7?
False
Does 133 divide 2868012?
True
Does 166 divide 1420653?
False
Is 8 a factor of 72711?
False
Does 2 divide 41662?
True
Does 818 divide 231237?
False
Does 51 divide 6297837?
True
Does 19 divide 3192951?
False
Is 406 a factor of 653254?
True
Is 850 a factor of 1904000?
True
Does 79 divide 1504160?
True
Is 78 a factor of 1551528?
False
Is 733794 a multiple of 55?
False
Is 527758 a multiple of 154?
True
Is 446 a factor of 2738526?
False
Is 18830040 a multiple of 555?
True
Is 267206 a multiple of 21?
False
Does 631 divide 9394328?
True
Is 17 a factor of 41134?
False
Does 206 divide 988800?
True
Is 29 a factor of 1646939?
True
Is 13 a factor of 44854?
False
Is 1450 a multiple of 5?
True
Is 11 a factor of 37004?
True
Is 75291 a multiple of 6?
False
Is 791758 a multiple of 17?
True
Is 246 a factor of 267402?
True
Is 249 a factor of 549966?
False
Is 8 a factor of 6572960?
True
Is 8 a factor of 27856?
True
Is 112069 a multiple of 42?
False
Is 311 a factor of 1369253?
False
Is 34 a factor of 998954?
True
Is 425 a factor of 66725?
True
Is 161 a factor of 682552?
False
Is 56681 even?
False
Is 1687623 a multiple of 4?
False
Is 29867064 a multiple of 24?
True
Is 68 a factor of 413100?
True
Does 171 divide 2595362?
False
Is 2507098 a multiple of 913?
True
Is 364 a factor of 4232555?
False
Is 2 a factor of 11410?
True
Does 17 divide 114733?
True
Is 5869366 a multiple of 1232?
False
Does 23 divide 11815369?
False
Is 11179575 a multiple of 495?
True
Is 637584 a multiple of 592?
True
Is 68879 a multiple of 42?
False
Does 656 divide 3750046?
False
Is 57 a factor of 1097033?
False
Is 393 a factor of 1327